{"id":86,"date":"2021-02-05T14:55:19","date_gmt":"2021-02-05T13:55:19","guid":{"rendered":"https:\/\/www.sdservicesrls.com\/?page_id=86"},"modified":"2025-01-24T18:52:49","modified_gmt":"2025-01-24T17:52:49","slug":"frigogasatore-modern","status":"publish","type":"page","link":"https:\/\/www.sdservicesrls.com\/index.php\/frigogasatore-modern\/","title":{"rendered":"FRIGOGASATORE MODERN"},"content":{"rendered":"\n<div class=\"wp-block-cover is-light\" style=\"min-height:416px;aspect-ratio:unset;\"><span aria-hidden=\"true\" class=\"wp-block-cover__background has-background-dim\"><\/span><img loading=\"lazy\" decoding=\"async\" width=\"997\" height=\"557\" class=\"wp-block-cover__image-background wp-image-1603\" alt=\"\" src=\"https:\/\/www.sdservicesrls.com\/wp-content\/uploads\/2023\/06\/tagliata-1.jpg\" style=\"object-position:0% 0%\" data-object-fit=\"cover\" data-object-position=\"0% 0%\" srcset=\"https:\/\/www.sdservicesrls.com\/wp-content\/uploads\/2023\/06\/tagliata-1.jpg 997w, https:\/\/www.sdservicesrls.com\/wp-content\/uploads\/2023\/06\/tagliata-1-300x168.jpg 300w, https:\/\/www.sdservicesrls.com\/wp-content\/uploads\/2023\/06\/tagliata-1-768x429.jpg 768w\" sizes=\"auto, (max-width: 997px) 100vw, 997px\" \/><div class=\"wp-block-cover__inner-container is-layout-flow wp-block-cover-is-layout-flow\">\n<p class=\"has-text-align-center has-large-font-size\">ACQUA MIGLIORE, VITA MIGLIORE<\/p>\n<\/div><\/div>\n\n\n\n<div style=\"height:20px\" aria-hidden=\"true\" class=\"wp-block-spacer\"><\/div>\n\n\n\n<p>Il Frigogasatore  \u00e8 l&#8217;elettrodomestico che non pu\u00f2 mancare a casa tua! Un design moderno e accattivante, elegante e perfetto per tutti gli arredamenti. Puoi averlo a casa tua a partire da 28 euro al mese!<\/p>\n\n\n\n<div class=\"wp-block-columns is-layout-flex wp-container-core-columns-is-layout-9d6595d7 wp-block-columns-is-layout-flex\">\n<div class=\"wp-block-column is-layout-flow wp-block-column-is-layout-flow\" style=\"flex-basis:33.33%\">\n<figure class=\"wp-block-image alignfull size-large is-style-default\"><img loading=\"lazy\" decoding=\"async\" width=\"432\" height=\"579\" src=\"https:\/\/www.sdservicesrls.com\/wp-content\/uploads\/2023\/06\/LAGUNA_preview_rev_1.png\" alt=\"\" class=\"wp-image-1515\" srcset=\"https:\/\/www.sdservicesrls.com\/wp-content\/uploads\/2023\/06\/LAGUNA_preview_rev_1.png 432w, https:\/\/www.sdservicesrls.com\/wp-content\/uploads\/2023\/06\/LAGUNA_preview_rev_1-224x300.png 224w\" sizes=\"auto, (max-width: 432px) 100vw, 432px\" \/><\/figure>\n<\/div>\n\n\n\n<div class=\"wp-block-column is-layout-flow wp-block-column-is-layout-flow\" style=\"flex-basis:66.66%\">\n<p>Si allaccia alla rete idrica ed eroga acqua a temperatura ambiente naturale e acqua fredda naturale o frizzante. <b>Dimensioni compatte <\/b> per ottimizzare lo spazio in cucina : solo 22x27x44 cm ( LxPxH). Disponibile anche nella versione sottolavello per chi ha problemi di spazio. <\/p><br>\n\n\n\n<p><\/p>\n<\/div>\n<\/div>\n\n\n\n<div class=\"wp-block-buttons is-content-justification-center is-layout-flex wp-container-core-buttons-is-layout-16018d1d wp-block-buttons-is-layout-flex\">\n<div class=\"wp-block-button\"><a class=\"wp-block-button__link has-background-color has-primary-background-color has-text-color has-background wp-element-button\" href=\"https:\/\/www.sdservicesrls.com\/index.php\/contatti\/\" rel=\"\">PER SAPERNE DI PI\u00d9<\/a><\/div>\n<\/div>\n\n\n\n<p>Il filtro \u00e8 stato progettato per migliorare la qualit\u00e0 e il gusto dell&#8217;acqua senza alterarne le propriet\u00e0:<\/p>\n\n\n\n<ul class=\"wp-block-list\"><li><p>La <strong>membrana in polietilene<\/strong> garantisce una filtrazione a 0,5 <em>micron<\/em> trattenendo impurit\u00e0 e sostanze nocive.<\/li><\/p><li><p>I <strong>carboni attivi<\/strong> rimuovono l&#8217;eccesso di cloro e i composti tossici.<\/li><\/p><li><p>La <strong>graniglia d&#8217;argento<\/strong> infine funge da elemento batteriostatico.<\/li><\/p><\/p><\/ul>\n\n\n\n<h2 class=\"wp-block-heading has-text-align-center\"><strong>Vantaggi del Frigogasatore: il Pianeta ringrazia<\/strong><\/h2>\n\n\n\n<p><\/p>\n\n\n\n<div class=\"wp-block-columns is-layout-flex wp-container-core-columns-is-layout-9d6595d7 wp-block-columns-is-layout-flex\">\n<div class=\"wp-block-column is-layout-flow wp-block-column-is-layout-flow\"><div class=\"wp-block-image\">\n<figure class=\"aligncenter size-large\"><img decoding=\"async\" src=\"https:\/\/www.sdservicesrls.com\/wp-content\/uploads\/2023\/06\/bicchiere-3.jpg\" alt=\"\" class=\"wp-image-1635\"\/><\/figure>\n<\/div><\/div>\n<\/div>\n\n\n\n<p><\/p>\n\n\n<p><!-- \/wp:post-content --><\/p>\n<p><!-- \/wp:columns --><\/p>\n<p><!-- wp:paragraph --><\/p>\n<\/p>\n<p>I <strong data-rich-text-format-boundary=\"true\">vantaggi del frigogasatore <\/strong>sono molti, sia in ambiente lavorativo che casalingo:<\/p>\n<p><!-- \/wp:paragraph --><\/p>\n<p><!-- wp:list --><\/p>\n<ul>\n<li>\n<p><em><strong>Acqua sempre disponibile a seconda dei gusti:<\/strong><\/em> l\u2019acqua della rete idrica \u00e8 gi\u00e0 potabile e pura, dunque perch\u00e9 non sfruttarla? <strong>Il Frigogasatore<\/strong>, permette di avere un&#8217;ottima acqua, liscia e fresca e anche frizzante;<\/p>\n<\/li>\n<li>\n<p><em><strong>Vantaggio economico: <\/strong><\/em>basta acquistare bottiglie di plastica al supermercato. L\u2019acqua in bottiglia costa molto e quello che si paga \u00e8 la plastica, con il dispenser avrete acqua microfiltrata, depurata e fresca senza limiti ad un prezzo davvero conveniente.<\/p>\n<\/li>\n<li><em><strong>\n<p>Ottimo per la salute: <\/p>\n<p><\/strong><\/em><\/p>\n<p><em><strong><\/strong><\/em><\/p>\n<p><em><strong><\/strong><\/em><\/p>\n<p><em><strong><\/strong><\/em><\/p>\n<p><em><strong><\/strong><\/em><\/p>\n<p><em><strong><\/strong><\/em><\/p>\n<p><em><strong><\/strong><\/em><\/p>\n<p><em><strong><\/strong><\/em><\/p>\n<p><em><strong><\/strong><\/em><\/p>\n<p><em><strong><\/strong><\/em><\/p>\n<p><em><strong><\/strong><\/em><\/p>\n<p><em><strong><\/strong><\/em><\/p>\n<p><em><strong><\/strong><\/em><\/p>\n<p><em><strong><\/strong><\/em><\/p>\n<p><em><strong><\/strong><\/em><\/p>\n<p><em><strong><\/strong><\/em><\/p>\n<p><em><strong><\/strong><\/em><\/p>\n<p><em><strong><\/strong><\/em><\/p>\n<p><em><strong><\/strong><\/em><\/p>\n<p>il filtro all&#8217;interno del frigogasatore, blocca qualsiasi impurit\u00e0, riduce il cloro, migliora il gusto;<\/p>\n<\/li>\n<li><em>\n<p><strong>Meno spazzatura ed un aiuto per il Pianeta:<\/strong><\/p>\n<\/p>\n<p> meno bottiglie di plastica, vuol dire anche meno spazzatura ed un beneficio anche per il Pianeta, gi\u00e0 troppo sommerso da plastiche dannose per pesci ed ecosistema marino;<\/p>\n<p><\/em><\/p>\n<p><em><\/em><\/p>\n<p><em><\/em><\/p>\n<p><em><\/em><\/p>\n<p><em><\/em><\/p>\n<p><em><\/em><\/p>\n<p><em><\/em><\/p>\n<p><em><\/em><\/p>\n<p><em><\/em><\/p>\n<p><em><\/em><\/p>\n<p><em><\/em><\/p>\n<p><em><\/em><\/p>\n<p><em><\/em><\/p>\n<\/li>\n<p><em><strong><\/strong><\/em><\/p>\n<p><em><strong><\/strong><\/em><\/p>\n<p><em><strong><\/strong><\/em><\/p>\n<p><em><\/em><\/p>\n<p><em><\/em><\/p>\n<p><em><\/em><\/p>\n<p><em><\/em><\/p>\n<p><em><\/em><\/p>\n<p><em><\/em><\/p>\n<p><em><\/em><\/p>\n<p><em><\/em><\/p>\n<p><em><\/em><\/p>\n<p><em><\/p>\n<li>\n<p><strong><em>Si acquisisce spazio<\/em><\/strong>:<\/p>\n<p>in dispensa innanzitutto ma anche nel frigorifero, il dispenser diventa un comune elettrodomestico. Pu\u00f2 essere posto in cucina accanto al lavello oppure sotto il lavello. Stesso discorso vale anche per gli ambienti di lavoro e negozi, con una scelta che va a sostituire il tipico boccione d&#8217;acqua che si svuota velocemente.<\/p>\n<\/li>\n<p><!-- \/wp:list --><\/p>\n<p><!-- wp:columns --><\/p>\n<div class=\"wp-block-columns\"><!-- wp:column {\"width\":\"33.33%\"} --><\/p>\n<div class=\"wp-block-column\" style=\"flex-basis: 33.33%;\"><!-- wp:image {\"align\":\"full\",\"id\":1545,\"sizeSlug\":\"large\",\"linkDestination\":\"none\"} --><\/p>\n<figure class=\"wp-block-image alignfull size-large\">\n<p><img loading=\"lazy\" decoding=\"async\" class=\"wp-image-1630 size-medium\" src=\"https:\/\/www.sdservicesrls.com\/wp-content\/uploads\/2023\/06\/famiglia-che-beve-1-300x169.jpg\" alt=\"\" width=\"300\" height=\"169\" srcset=\"https:\/\/www.sdservicesrls.com\/wp-content\/uploads\/2023\/06\/famiglia-che-beve-1-300x169.jpg 300w, https:\/\/www.sdservicesrls.com\/wp-content\/uploads\/2023\/06\/famiglia-che-beve-1.jpg 612w\" sizes=\"auto, (max-width: 300px) 100vw, 300px\" \/><\/p>\n<\/figure>\n<p><!-- \/wp:image --><\/p>\n<\/div>\n<p><!-- \/wp:column --><\/p>\n<p><!-- wp:column {\"width\":\"66.66%\"} --><\/p>\n<div class=\"wp-block-column\" style=\"flex-basis: 66.66%;\"><!-- wp:html --><\/p>\n<p>Scegliere il frigogasatore oltre ad essere una <strong>scelta consapevole<\/strong> per l&#8217;ambiente \u00e8 anche una <strong>scelta comoda.<\/strong> Non dovrai pi\u00f9 preoccuparti di spostare pesanti casse d&#8217;acqua in giro per la casa, occupare spazio nel frigorifero e smaltire bottiglie di plastica dannose per l&#8217;ambiente.<\/p>\n<p><!-- \/wp:paragraph --><\/p>\n<p><!-- wp:columns --><\/p>\n<p><!-- \/wp:html --><\/p>\n<\/div>\n<p><!-- \/wp:column --><\/p>\n<\/div>\n<p><!-- \/wp:columns --><\/p>\n<p><!-- wp:buttons {\"align\":\"center\"} --><\/p>\n<div class=\"wp-block-buttons aligncenter\"><!-- wp:button {\"backgroundColor\":\"primary\",\"textColor\":\"background\"} --><\/p>\n<div class=\"wp-block-button\"><a class=\"wp-block-button__link has-background-color has-primary-background-color has-text-color has-background\" href=\"https:\/\/www.sdservicesrls.com\/index.php\/contatti\/\" rel=\"\">CONTATTACI<\/a><\/div>\n<p><!-- \/wp:button --><\/p>\n<\/div>\n<p><!-- \/wp:buttons --><\/p>\n<div><\/div>\n<p><!-- wp:heading {\"level\":4} --><\/p>\n<h4>Due soluzioni di noleggio pensate per te<\/h4>\n<div><\/div>\n<\/p>\n<p><img loading=\"lazy\" decoding=\"async\" class=\"alignnone wp-image-1632\" src=\"https:\/\/www.sdservicesrls.com\/wp-content\/uploads\/2023\/06\/lovely-woman-1.jpg\" alt=\"\" width=\"1200\" height=\"800\" srcset=\"https:\/\/www.sdservicesrls.com\/wp-content\/uploads\/2023\/06\/lovely-woman-1.jpg 1500w, https:\/\/www.sdservicesrls.com\/wp-content\/uploads\/2023\/06\/lovely-woman-1-300x200.jpg 300w, https:\/\/www.sdservicesrls.com\/wp-content\/uploads\/2023\/06\/lovely-woman-1-1024x683.jpg 1024w, https:\/\/www.sdservicesrls.com\/wp-content\/uploads\/2023\/06\/lovely-woman-1-768x512.jpg 768w\" sizes=\"auto, (max-width: 1200px) 100vw, 1200px\" \/><\/p>\n<p><!-- \/wp:heading --><\/p>\n<p><!-- wp:html --><\/p>\n<\/p>\n<p>FRIZZANTE MONOUSO: acqua microfiltrata a temperatura ambiente naturale e acqua fredda fredda naturale e frizzante con CO2 a parte. Bomboletta monouso che eroga circa 100lt di acqua frizzante. Compresi nel noleggio filtro, manutenzione e assistenza.<\/p>\n<\/p>\n<p>FRIZZANTE RICARICABILE: acqua microfiltrata a temperatura ambiente naturale e acqua fredda naturale e frizzante con CO2 a parte. Bombola ricaricabile che eroga circa 600lt di acqua frizzante con sostituzione da parte del nostro tecnico. Compresi nel noleggio filtro, manutenzione e assistenza.<\/p>\n<div class=\"wp-block-buttons aligncenter\">\n<div class=\"wp-block-button\"><a class=\"wp-block-button__link has-background-color has-primary-background-color has-text-color has-background\" href=\"https:\/\/www.sdservicesrls.com\/index.php\/contatti\/\" rel=\"\">PER SAPERNE DI PI\u00d9<\/a><\/div>\n<p><!-- \/wp:button --><\/p>\n<\/div>\n<p><!-- \/wp:buttons --><\/p>\n<p><b>Il nostro tecnico a seguito di consulenza personalizzata provveder\u00e0 ad installare l&#8217;erogatore, nella quota mensile di noleggio saranno compresi:<\/b><\/p>\n<ul>\n<li>\n<p>sostituzione del filtro e sanificazione del frigogasatore una volta l&#8217;anno;<\/p>\n<\/li>\n<li>\n<p>riparazione e sostituzione in caso di rottura;<\/p>\n<\/li>\n<li>\n<p>possibilit\u00e0 di restituire il frigogasatore in qualsiasi momento.<\/p>\n<\/li>\n<\/ul>\n<p><!-- \/wp:html --><\/p>\n<p><!-- wp:html --><\/p>\n<p><b>Ti aspettiamo presso il nostro <i>Show Room<\/i><\/b> per vedere il frigogasatore in funzione. Cosa aspetti?<\/p>\n<div class=\"wp-block-buttons aligncenter\">\n<div class=\"wp-block-button\"><a class=\"wp-block-button__link has-background-color has-primary-background-color has-text-color has-background\" href=\"https:\/\/www.sdservicesrls.com\/index.php\/contatti\/\" rel=\"\">CONTATTACI<\/a><\/div>\n<p><!-- \/wp:button --><\/p>\n<\/div>\n<p><!-- \/wp:buttons --><\/p>\n<p><!-- wp:separator {\"color\":\"foreground-dark\",\"className\":\"is-style-wide\"} --><\/p>\n<hr class=\"wp-block-separator has-text-color has-background has-foreground-dark-background-color has-foreground-dark-color is-style-wide\"><!-- \/wp:separator --><\/p>\n<p><\/em><\/p>\n<p><em><\/em><\/p>\n<p><em><\/em><\/p>\n<p><em><\/em><\/p>\n<p><em><\/em><\/p>\n<p><em><\/em><\/p>\n<p><em><\/em><\/p>\n<p><em><\/em><\/p>\n<p><em><\/em><\/p>\n<p><em><\/em><\/p>\n<p><em><strong><\/strong><\/em><\/p>\n<p><em><strong><\/strong><\/em><\/p>\n<p><em><strong><\/strong><\/em><\/p>\n<\/p>\n<\/ul>","protected":false},"excerpt":{"rendered":"<p>Il Frigogasatore \u00e8 l&#8217;elettrodomestico che non pu\u00f2 mancare a casa tua! Un design moderno e accattivante, elegante e perfetto per tutti gli arredamenti. Puoi averlo a casa tua a partire da 28 euro al mese! Si allaccia alla rete idrica ed eroga acqua a temperatura ambiente naturale e acqua fredda naturale o frizzante. Dimensioni compatte<a class=\"more-link\" href=\"https:\/\/www.sdservicesrls.com\/index.php\/frigogasatore-modern\/\">Continua a leggere <span class=\"screen-reader-text\">&#8220;FRIGOGASATORE MODERN&#8221;<\/span><\/a><\/p>\n","protected":false},"author":1,"featured_media":0,"parent":0,"menu_order":0,"comment_status":"closed","ping_status":"closed","template":"","meta":{"footnotes":""},"class_list":["post-86","page","type-page","status-publish","hentry","entry"],"yoast_head":"<!-- This site is optimized with the Yoast SEO plugin v24.9 - https:\/\/yoast.com\/wordpress\/plugins\/seo\/ -->\r\n<title>FRIGOGASATORE MODERN - SD Service<\/title>\r\n<meta name=\"robots\" content=\"index, follow, max-snippet:-1, max-image-preview:large, max-video-preview:-1\" \/>\r\n<link rel=\"canonical\" href=\"https:\/\/www.sdservicesrls.com\/index.php\/frigogasatore-modern\/\" \/>\r\n<meta property=\"og:locale\" content=\"it_IT\" \/>\r\n<meta property=\"og:type\" content=\"article\" \/>\r\n<meta property=\"og:title\" content=\"FRIGOGASATORE MODERN - SD Service\" \/>\r\n<meta property=\"og:description\" content=\"Il Frigogasatore \u00e8 l&#8217;elettrodomestico che non pu\u00f2 mancare a casa tua! Un design moderno e accattivante, elegante e perfetto per tutti gli arredamenti. Puoi averlo a casa tua a partire da 28 euro al mese! Si allaccia alla rete idrica ed eroga acqua a temperatura ambiente naturale e acqua fredda naturale o frizzante. Dimensioni compatteContinua a leggere &quot;FRIGOGASATORE MODERN&quot;\" \/>\r\n<meta property=\"og:url\" content=\"https:\/\/www.sdservicesrls.com\/index.php\/frigogasatore-modern\/\" \/>\r\n<meta property=\"og:site_name\" content=\"SD Service\" \/>\r\n<meta property=\"article:publisher\" content=\"https:\/\/www.facebook.com\/sdservicesrls\" \/>\r\n<meta property=\"article:modified_time\" content=\"2025-01-24T17:52:49+00:00\" \/>\r\n<meta property=\"og:image\" content=\"https:\/\/www.sdservicesrls.com\/wp-content\/uploads\/2023\/06\/tagliata-1.jpg\" \/>\r\n\t<meta property=\"og:image:width\" content=\"997\" \/>\r\n\t<meta property=\"og:image:height\" content=\"557\" \/>\r\n\t<meta property=\"og:image:type\" content=\"image\/jpeg\" \/>\r\n<meta name=\"twitter:card\" content=\"summary_large_image\" \/>\r\n<meta name=\"twitter:label1\" content=\"Tempo di lettura stimato\" \/>\n\t<meta name=\"twitter:data1\" content=\"4 minuti\" \/>\r\n<script type=\"application\/ld+json\" class=\"yoast-schema-graph\">{\"@context\":\"https:\/\/schema.org\",\"@graph\":[{\"@type\":\"WebPage\",\"@id\":\"https:\/\/www.sdservicesrls.com\/index.php\/frigogasatore-modern\/\",\"url\":\"https:\/\/www.sdservicesrls.com\/index.php\/frigogasatore-modern\/\",\"name\":\"FRIGOGASATORE MODERN - SD Service\",\"isPartOf\":{\"@id\":\"https:\/\/www.sdservicesrls.com\/#website\"},\"primaryImageOfPage\":{\"@id\":\"https:\/\/www.sdservicesrls.com\/index.php\/frigogasatore-modern\/#primaryimage\"},\"image\":{\"@id\":\"https:\/\/www.sdservicesrls.com\/index.php\/frigogasatore-modern\/#primaryimage\"},\"thumbnailUrl\":\"https:\/\/www.sdservicesrls.com\/wp-content\/uploads\/2023\/06\/tagliata-1.jpg\",\"datePublished\":\"2021-02-05T13:55:19+00:00\",\"dateModified\":\"2025-01-24T17:52:49+00:00\",\"breadcrumb\":{\"@id\":\"https:\/\/www.sdservicesrls.com\/index.php\/frigogasatore-modern\/#breadcrumb\"},\"inLanguage\":\"it-IT\",\"potentialAction\":[{\"@type\":\"ReadAction\",\"target\":[\"https:\/\/www.sdservicesrls.com\/index.php\/frigogasatore-modern\/\"]}]},{\"@type\":\"ImageObject\",\"inLanguage\":\"it-IT\",\"@id\":\"https:\/\/www.sdservicesrls.com\/index.php\/frigogasatore-modern\/#primaryimage\",\"url\":\"https:\/\/www.sdservicesrls.com\/wp-content\/uploads\/2023\/06\/tagliata-1.jpg\",\"contentUrl\":\"https:\/\/www.sdservicesrls.com\/wp-content\/uploads\/2023\/06\/tagliata-1.jpg\",\"width\":997,\"height\":557},{\"@type\":\"BreadcrumbList\",\"@id\":\"https:\/\/www.sdservicesrls.com\/index.php\/frigogasatore-modern\/#breadcrumb\",\"itemListElement\":[{\"@type\":\"ListItem\",\"position\":1,\"name\":\"Home\",\"item\":\"https:\/\/www.sdservicesrls.com\/\"},{\"@type\":\"ListItem\",\"position\":2,\"name\":\"FRIGOGASATORE MODERN\"}]},{\"@type\":\"WebSite\",\"@id\":\"https:\/\/www.sdservicesrls.com\/#website\",\"url\":\"https:\/\/www.sdservicesrls.com\/\",\"name\":\"SD Service\",\"description\":\"Al tuo fianco per migliorare il futuro\",\"publisher\":{\"@id\":\"https:\/\/www.sdservicesrls.com\/#organization\"},\"potentialAction\":[{\"@type\":\"SearchAction\",\"target\":{\"@type\":\"EntryPoint\",\"urlTemplate\":\"https:\/\/www.sdservicesrls.com\/?s={search_term_string}\"},\"query-input\":{\"@type\":\"PropertyValueSpecification\",\"valueRequired\":true,\"valueName\":\"search_term_string\"}}],\"inLanguage\":\"it-IT\"},{\"@type\":\"Organization\",\"@id\":\"https:\/\/www.sdservicesrls.com\/#organization\",\"name\":\"SD Service\",\"url\":\"https:\/\/www.sdservicesrls.com\/\",\"logo\":{\"@type\":\"ImageObject\",\"inLanguage\":\"it-IT\",\"@id\":\"https:\/\/www.sdservicesrls.com\/#\/schema\/logo\/image\/\",\"url\":\"https:\/\/www.sdservicesrls.com\/wp-content\/uploads\/2024\/03\/cropped-Logo-250x150-px.png\",\"contentUrl\":\"https:\/\/www.sdservicesrls.com\/wp-content\/uploads\/2024\/03\/cropped-Logo-250x150-px.png\",\"width\":250,\"height\":150,\"caption\":\"SD Service\"},\"image\":{\"@id\":\"https:\/\/www.sdservicesrls.com\/#\/schema\/logo\/image\/\"},\"sameAs\":[\"https:\/\/www.facebook.com\/sdservicesrls\",\"https:\/\/www.instagram.com\/sdservice_badiapolesine\/\"]}]}<\/script>\r\n<!-- \/ Yoast SEO plugin. -->","yoast_head_json":{"title":"FRIGOGASATORE MODERN - SD Service","robots":{"index":"index","follow":"follow","max-snippet":"max-snippet:-1","max-image-preview":"max-image-preview:large","max-video-preview":"max-video-preview:-1"},"canonical":"https:\/\/www.sdservicesrls.com\/index.php\/frigogasatore-modern\/","og_locale":"it_IT","og_type":"article","og_title":"FRIGOGASATORE MODERN - SD Service","og_description":"Il Frigogasatore \u00e8 l&#8217;elettrodomestico che non pu\u00f2 mancare a casa tua! Un design moderno e accattivante, elegante e perfetto per tutti gli arredamenti. Puoi averlo a casa tua a partire da 28 euro al mese! Si allaccia alla rete idrica ed eroga acqua a temperatura ambiente naturale e acqua fredda naturale o frizzante. Dimensioni compatteContinua a leggere \"FRIGOGASATORE MODERN\"","og_url":"https:\/\/www.sdservicesrls.com\/index.php\/frigogasatore-modern\/","og_site_name":"SD Service","article_publisher":"https:\/\/www.facebook.com\/sdservicesrls","article_modified_time":"2025-01-24T17:52:49+00:00","og_image":[{"width":997,"height":557,"url":"https:\/\/www.sdservicesrls.com\/wp-content\/uploads\/2023\/06\/tagliata-1.jpg","type":"image\/jpeg"}],"twitter_card":"summary_large_image","twitter_misc":{"Tempo di lettura stimato":"4 minuti"},"schema":{"@context":"https:\/\/schema.org","@graph":[{"@type":"WebPage","@id":"https:\/\/www.sdservicesrls.com\/index.php\/frigogasatore-modern\/","url":"https:\/\/www.sdservicesrls.com\/index.php\/frigogasatore-modern\/","name":"FRIGOGASATORE MODERN - SD Service","isPartOf":{"@id":"https:\/\/www.sdservicesrls.com\/#website"},"primaryImageOfPage":{"@id":"https:\/\/www.sdservicesrls.com\/index.php\/frigogasatore-modern\/#primaryimage"},"image":{"@id":"https:\/\/www.sdservicesrls.com\/index.php\/frigogasatore-modern\/#primaryimage"},"thumbnailUrl":"https:\/\/www.sdservicesrls.com\/wp-content\/uploads\/2023\/06\/tagliata-1.jpg","datePublished":"2021-02-05T13:55:19+00:00","dateModified":"2025-01-24T17:52:49+00:00","breadcrumb":{"@id":"https:\/\/www.sdservicesrls.com\/index.php\/frigogasatore-modern\/#breadcrumb"},"inLanguage":"it-IT","potentialAction":[{"@type":"ReadAction","target":["https:\/\/www.sdservicesrls.com\/index.php\/frigogasatore-modern\/"]}]},{"@type":"ImageObject","inLanguage":"it-IT","@id":"https:\/\/www.sdservicesrls.com\/index.php\/frigogasatore-modern\/#primaryimage","url":"https:\/\/www.sdservicesrls.com\/wp-content\/uploads\/2023\/06\/tagliata-1.jpg","contentUrl":"https:\/\/www.sdservicesrls.com\/wp-content\/uploads\/2023\/06\/tagliata-1.jpg","width":997,"height":557},{"@type":"BreadcrumbList","@id":"https:\/\/www.sdservicesrls.com\/index.php\/frigogasatore-modern\/#breadcrumb","itemListElement":[{"@type":"ListItem","position":1,"name":"Home","item":"https:\/\/www.sdservicesrls.com\/"},{"@type":"ListItem","position":2,"name":"FRIGOGASATORE MODERN"}]},{"@type":"WebSite","@id":"https:\/\/www.sdservicesrls.com\/#website","url":"https:\/\/www.sdservicesrls.com\/","name":"SD Service","description":"Al tuo fianco per migliorare il futuro","publisher":{"@id":"https:\/\/www.sdservicesrls.com\/#organization"},"potentialAction":[{"@type":"SearchAction","target":{"@type":"EntryPoint","urlTemplate":"https:\/\/www.sdservicesrls.com\/?s={search_term_string}"},"query-input":{"@type":"PropertyValueSpecification","valueRequired":true,"valueName":"search_term_string"}}],"inLanguage":"it-IT"},{"@type":"Organization","@id":"https:\/\/www.sdservicesrls.com\/#organization","name":"SD Service","url":"https:\/\/www.sdservicesrls.com\/","logo":{"@type":"ImageObject","inLanguage":"it-IT","@id":"https:\/\/www.sdservicesrls.com\/#\/schema\/logo\/image\/","url":"https:\/\/www.sdservicesrls.com\/wp-content\/uploads\/2024\/03\/cropped-Logo-250x150-px.png","contentUrl":"https:\/\/www.sdservicesrls.com\/wp-content\/uploads\/2024\/03\/cropped-Logo-250x150-px.png","width":250,"height":150,"caption":"SD Service"},"image":{"@id":"https:\/\/www.sdservicesrls.com\/#\/schema\/logo\/image\/"},"sameAs":["https:\/\/www.facebook.com\/sdservicesrls","https:\/\/www.instagram.com\/sdservice_badiapolesine\/"]}]}},"_links":{"self":[{"href":"https:\/\/www.sdservicesrls.com\/index.php\/wp-json\/wp\/v2\/pages\/86","targetHints":{"allow":["GET"]}}],"collection":[{"href":"https:\/\/www.sdservicesrls.com\/index.php\/wp-json\/wp\/v2\/pages"}],"about":[{"href":"https:\/\/www.sdservicesrls.com\/index.php\/wp-json\/wp\/v2\/types\/page"}],"author":[{"embeddable":true,"href":"https:\/\/www.sdservicesrls.com\/index.php\/wp-json\/wp\/v2\/users\/1"}],"replies":[{"embeddable":true,"href":"https:\/\/www.sdservicesrls.com\/index.php\/wp-json\/wp\/v2\/comments?post=86"}],"version-history":[{"count":115,"href":"https:\/\/www.sdservicesrls.com\/index.php\/wp-json\/wp\/v2\/pages\/86\/revisions"}],"predecessor-version":[{"id":2303,"href":"https:\/\/www.sdservicesrls.com\/index.php\/wp-json\/wp\/v2\/pages\/86\/revisions\/2303"}],"wp:attachment":[{"href":"https:\/\/www.sdservicesrls.com\/index.php\/wp-json\/wp\/v2\/media?parent=86"}],"curies":[{"name":"wp","href":"https:\/\/api.w.org\/{rel}","templated":true}]}}